4*i - x*c + 340, 2*i + 2*c - 174 = 0. What is the units digit of i?
3
Let z(k) = 50*k + 76. Suppose -8*v + 3*v - 19 = o, 5*v + 13 = -2*o. What is the units digit of z(o)?
6
Let i = 9795 - 3619. What is the hundreds digit of i?
1
Let w = 86 - 88. Let s be ((-3)/w)/((-57)/76). What is the tens digit of s + (-7)/(7/(-40))?
3
Let v = 64209 - 31608. What is the thousands digit of v?
2
Let g(c) = c**3 - 3*c**2 - 7*c + 16. Let t be g(4). Suppose -t*y - y = 4*p - 1520, 3*p - 4*y = 1109. What is the hundreds digit of p?
3
Let s = 6158 - 2985. What is the thousands digit of s?
3
Let x(f) = 319*f + 10539. What is the tens digit of x(0)?
3
Let s(a) = 8 + 4 - 13*a + 4*a + 6*a. Let r be s(4). Suppose r = -4*q + 583 + 557. What is the hundreds digit of q?
2
Let u be 52/14 - (-130)/455. Suppose 5*o + 3765 = 5*g, -3*g - u*o + 2227 = o. What is the tens digit of g?
4
What is the ten thousands digit of 38/171 + 847724/18 - 11?
4
Let y(d) = 24*d - 8*d - 9*d - 8*d. Let l be y(0). Suppose l = -2*h + 2*i + 102, 177 = h + 3*h + 5*i. What is the units digit of h?
8
Suppose -i - i + 3388 = -2*x, 3*i = -5*x + 5082. Suppose 358 = -4*f + i. What is the tens digit of f?
3
Let g(s) = 19*s - 44. Let k be g(9). Suppose m + k + 450 = 4*w, 5*w - 715 = -5*m. What is the units digit of w?
4
Let h(z) = z**2 - 3*z - 5. Let g be h(-2). Suppose -132 = -4*v + g*w + 47, -4*v + 219 = 3*w. Suppose 4*r - v = 3*r. What is the tens digit of r?
5
Suppose -2*w + 16 = -2*n + n, w - 2*n - 11 = 0. Suppose -4*v - 23 = 4*g - 903, -4*v = 3*g - 884. Suppose v = -0*h + w*h. What is the units digit of h?
2
Let s(g) = 111*g**2 - 36*g - 35. What is the hundreds digit of s(-1)?
1
Suppose -2*v + 98 = 5*v. What is the units digit of 485*((-35)/v - 81/(-30))?
7
Let m(g) = -g**3 - 6*g**2 - 5*g + 6. Let a be m(-3). Let k(c) = 8*c**2 - 2*c + 20. What is the hundreds digit of k(a)?
3
Let s = 13 - 5. Suppose 3*r + s = 23. Suppose 2*f + r*f = 1050. What is the hundreds digit of f?
1
Let h = -62 - -65. Let z(y) = -2*y**2 + 5*y - 3. Let d be z(h). What is the units digit of (8 - -2)*(-21)/d?
5
What is the hundreds digit of 1941/((10/20)/(0 - (-35)/10))?
5
Let g = -4686 + 6766. What is the hundreds digit of g?
0
Suppose -4*r + 2493 = -4*p - 27935, -38040 = -5*r + 4*p. What is the tens digit of r?
1
Let y(i) = -i**3 + 2*i**2 + 3*i + 4. Let l be y(3). Suppose 17575 = 23*k + 17529. What is the units digit of (75/5)/(k/l)?
0
Suppose 3*d + q + 13 = 0, -5*q = 2*d - 3 - 10. Let f be d*(4 + (-154)/4). Let t = f - 114. What is the units digit of t?
3
Let w(y) = 4*y**2 - 13*y - 17. Let s be w(-12). Let l = -45 + s. Suppose -3*r + p + l = 2*r, -2*r = -4*p - 286. What is the tens digit of r?
3
Let x(p) = 936*p**2 + 35*p + 30. What is the units digit of x(-1)?
1
Let l(d) = d**2 + 3*d + 3. Let p be l(-3). Let a(u) = 4*u**2 - p*u**2 + 19*u - 2 - 17*u. What is the tens digit of a(7)?
6
Let p = 209 + -224. What is the tens digit of (2/((-12)/2))/(p/9585)?
1
Suppose 0 = 4*t + 7*u - 5*u - 24, t = -4*u + 13. Suppose 4*n = -12, 3*a + 977 = 5*a - t*n. What is the tens digit of a?
8
Let b be -2 + (-45)/(-3) + -7. Suppose 4*l - 2*a = 2494, -l + 4*a - b*a = -636. What is the units digit of l?
6
What is the tens digit of (2 + (-4950)/125)/(1/(-145))?
5
Suppose -5*z - 534 = -39. Let t be (95/(-40)*4)/((-3)/(-60)). Let h = z - t. What is the tens digit of h?
9
Suppose -69822 + 20187 = -2*a + 3*l, 4*a + 8*l - 99256 = 0. What is the tens digit of a?
1
Let p(d) = d**3 - d**2 + 1. Let x be p(4). Suppose 5*b + 2*u = 38, 5*u = 22 - 2. Suppose -247 = -b*q - x. What is the tens digit of q?
3
What is the hundreds digit of (((-455)/(-20))/7 + -3)*(47665 - 29)?
9
Let y(h) = 12*h + 123. Let w be y(-8). Let a be (-1)/2 - (-157)/2. Suppose a = j + w. What is the units digit of j?
1
Let v(l) be the second derivative of 0 + 14/3*l**3 - 5*l + 1/2*l**2. What is the tens digit of v(1)?
2
Let i be -2*(0 + 1 - 3). Suppose i*j = 5*l - 129, 0*l = -l - 5*j + 20. Suppose 4*d - 2*d - 3*k - l = 0, -5*d - 3*k = -115. What is the tens digit of d?
2
Suppose -6*l = -44 + 8. Suppose l*j - 7848 = 2*j. Suppose 741 - j = -11*y. What is the hundreds digit of y?
1
Let i be (69/115)/((-6)/(-70)). Suppose i*t + 2274 = 10*t. What is the tens digit of t?
5
Suppose 0*k - 310 = 2*k. Let b = 517 + k. Suppose -b = -3*x - 29. What is the hundreds digit of x?
1
Let u = -360 - -351. Let s = 508 - u. What is the units digit of s?
7
Suppose 1392 - 11044 = -118*v + 31058. What is the hundreds digit of v?
3
Let x(m) = 131*m**2 + 311*m - 229. What is the thousands digit of x(-20)?
5
Suppose 4*a - 21*f + 16*f = 113956, 0 = 3*a - 4*f - 85465. What is the ten thousands digit of a?
2
Suppose 8*z - 158 + 38 = 0. Let g = z + 414. What is the tens digit of g?
2
Let x(n) be the second derivative of -37*n + 0 - 1/20*n**5 + 7/12*n**4 - 2/3*n**3 - 11/2*n**2. What is the units digit of x(-4)?
1
Suppose 20 = 4*a, -4*a - 1223 = -2*z + 347. Let t = z + -282. What is the units digit of t?
3
Suppose 5*t = -3*n + 87029 + 18368, -t = -3*n + 105421. What is the hundreds digit of n?
1
Suppose 4*r - 2*b - 251422 = 0, -2*r + 43987 + 81742 = 5*b. What is the hundreds digit of r?
8
Suppose 5 = -x, 3*f - 5 = 5*x + 20. Let u = f - 3. What is the tens digit of 8/((-8)/u) + 11?
1
Suppose 0 = -2*m + 2*a + 78, 3*m - 137 = -a - 0*a. Let t be (4/(-5))/(2/(-10)). Suppose -t*k = -m - 52. What is the units digit of k?
4
Suppose 2*y + 20 = 24. Suppose -3*p + 8 = p - y*q, p + 4*q - 11 = 0. Let l(s) = 4*s**2 - 4*s + 15. What is the tens digit of l(p)?
3
Suppose -8*x = 2*x - 58423 + 2693. What is the hundreds digit of x?
5
Suppose 0 = 3*f + 4*d + 41 - 153, 5 = -d. Let k = -42 + f. What is the hundreds digit of k + -6 + 436/4?
1
Suppose 0 = 2*s - 3*w - 9, s - w + 11 = 5*s. Suppose 64 = s*g + 5*g. Suppose -5*f + 932 = 2*c, g*f + 3*c = 6*f + 375. What is the units digit of f?
6
Let x(m) = 21*m + 9 - 18*m - 39. Let y be x(10). Suppose y = -4*f + 2*o + 646, 4*o - 2*o + 163 = f. What is the hundreds digit of f?
1
Suppose 35*d - 50057 - 106288 = 0. What is the tens digit of d?
6
Let a = 6664 + 4204. What is the hundreds digit of a?
8
Suppose 5*c + j = 6, 7 = -5*c + 2*j + 25. Suppose 0 = -4*r - 6*y + 2*y + 348, -c*y + 256 = 3*r. Let d = r + -73. What is the units digit of d?
9
Suppose 0*v + 4 = -v + 4*w, 2*v - 16 = 2*w. Let f be 4 + 3*248/v. Suppose -f = -5*n + 124. What is the units digit of n?
8
Let d(q) be the third derivative of -8*q**4/3 - q**3/2 - 8*q**2. What is the tens digit of d(-10)?
3
Let p(v) = v**3 + 11*v**2 - 11*v + 12. Let y be p(-12). Suppose 3*h - k + 440 = y, 2*h + h - 5*k = -460. Let j = 319 + h. What is the hundreds digit of j?
1
What is the tens digit of (-6)/(((-216)/(-20))/(-18))?
1
Let h(i) = i**3 - 10*i**2 + i - 6. Let v be h(10). Let w(j) = -9*j**2 + 5*j**2 + j + v*j**2 - 15 + 2*j**2. What is the units digit of w(7)?
0
Suppose 71*n + 66 = 77*n. What is the units digit of 11/(n/134)*(-2)/(-4)?
7
Let z = 1944 + -150. Let m = 2526 - z. What is the units digit of m?
2
Let g = -2640 + 3358. What is the units digit of g?
8
Let u = 278 + -197. Suppose -19 = 3*f - 5*b, 0 = 2*b + b - 15. Suppose 83 = f*w - u. What is the tens digit of w?
8
Let f(i) = -2*i**2 - 135*i - 37. What is the units digit of f(-42)?
5
Suppose 4*v + 628*k - 151263 = 631*k, 0 = v + 2*k - 37824. What is the ten thousands digit of v?
3
Suppose 3*p = 12, 2*i - 1295 = -3*p - 279. Suppose -872 = -504*j + i*j. What is the units digit of j?
6
Suppose -9913 = -46*l - 5336 + 20999. What is the hundreds digit of l?
5
Suppose 1 = g + 6. Let a be 26/6 + 34/6 + g. Suppose 7*u = 4*v + 4*u - 225, 85 = v + a*u. What is the tens digit of v?
6
Suppose 3*u + 12 = 0, 2*w + 2*u - 52624 = -14124. What is the ten thousands digit of w?
1
Let j(q) = 4*q - 3. Let v(h) = 3*h - 2. Let d(x) = -3*j(x) + 2*v(x). Let i be d(1). What is the units digit of (-603)/(-12) + i + (-28)/(-16)?
1
Suppose 0 = -5*y - 1968 + 188. Let c = -80 - y. What is the units digit of c?
6
Let a be (-2)/8 + 4554/(-88). Let n = a - -197. What is the tens digit of n?
4
Suppose -2*i - 8*i + 80 = 0. Suppose 122 - 490 = -i*k. Suppose -2*r = 3*c - 56 + 3, -2*r + k = -4*c. What is the tens digit of r?
2
What is the tens digit of (379554/18)/(-7)*-3?
3
Suppose -v + 4*k + 654 = 0, -16*v + 4*k = -11*v - 3302. Wha